*2 + 6*d + 25. List the prime factors of n(f).
139
Let y = -67 - -304. List the prime factors of y.
3, 79
Suppose -60652 = -20*c - 3712. List the prime factors of c.
3, 13, 73
Let j = 2733 - 1915. What are the prime factors of j?
2, 409
Let s(b) = 2788*b**3 + 3*b - 2. List the prime factors of s(1).
2789
Let h = 23 + -21. Suppose 0*g - h*g + w - 4 = 0, 5*g + w - 4 = 0. Suppose 5 = 5*j, -2*j = v - g*j - 40. List the prime factors of v.
2, 19
Let c be -2 - (-47 + -1) - 2. Let p be c/(-3)*21/14. Let d = p + 44. List the prime factors of d.
2, 11
What are the prime factors of 6 + (-9)/((-15)/(-5)) + 302?
5, 61
Let r be 81/21 + -1*(-2)/14. Suppose r*s - 63 + 15 = 0. What are the prime factors of s?
2, 3
Let y(k) = 3*k**2 + 6*k - 13. Let v be (-3)/(-4) - (-124)/(-16). What are the prime factors of y(v)?
2, 23
Let j(n) = -n**3 - 6*n**2 - 5*n + 3. Let i be (15/6)/(4/(-8)). Let z be j(i). Suppose z = v, 0 = f + 3*f - 5*v - 117. What are the prime factors of f?
3, 11
Let n = -1 - -28. Suppose n - 67 = -2*l. Suppose -4*i + 72 + l = 0. List the prime factors of i.
23
Suppose -4*x = 2*k + 2*k - 52, -3*k - 1 = -x. Suppose -x = -6*m + m. List the prime factors of m.
2
Let k = -359 + 659. Let l = -194 + k. What are the prime factors of l?
2, 53
Suppose 8*f = 5*f - 5*i + 1475, 0 = -4*f + 2*i + 1958. What are the prime factors of f?
2, 5, 7
Let m = -20 + 16. Let i(n) be the first derivative of n**3/3 + n + 6. List the prime factors of i(m).
17
Let x(f) = -f**3 - 3*f**2 - 6. Let t be x(-3). Let n = t + 30. List the prime factors of n.
2, 3
Let i = -19 + -6. Let h = -20 - i. Suppose -w + h = -51. List the prime factors of w.
2, 7
Suppose 2*t = 4*d - 1150, 3*t = -5*d + t + 1433. What are the prime factors of d?
7, 41
Let z(m) = 99*m - 206. List the prime factors of z(13).
23, 47
Suppose -6*n - 2*k + 24 = -2*n, -5*n + 35 = 5*k. Suppose 0 = -6*y + 2*y + n*a + 412, -5*a = 0. List the prime factors of y.
103
Let p(b) = b**2 + b. Let n = -7 - -6. Let j be p(n). Suppose -5*o + 102 + 13 = j. What are the prime factors of o?
23
Let m = -51 - -31. What are the prime factors of ((-2)/(-5))/((-1)/m)?
2
Let k be (-176)/(-14) - 36/(-84). Let n = 1 + k. What are the prime factors of ((-12)/n)/(18/(-84))?
2
Let q be (12/16)/((-6)/(-32)). Suppose q = 3*y - 4*c - 18, -5*y + 2*c + 18 = 0. Suppose 13 - 9 = y*p. List the prime factors of p.
2
Suppose 3*s = -4*m + 503, -5*m + 371 = -2*m + s. What are the prime factors of m?
2, 61
Suppose 12*z = 13*z - 550. What are the prime factors of z?
2, 5, 11
Let y = -178 - -546. What are the prime factors of y?
2, 23
Let h be (-282)/4 + (-18)/12. Let x = h - -124. What are the prime factors of x?
2, 13
Let x be ((-228)/(-9))/(2/3). Let i(r) = x - 7 - 24*r + 25*r. List the prime factors of i(0).
31
Let t be (-20)/6*45/(-6). What are the prime factors of 3255/t - -1*1/(-5)?
2, 5, 13
Let o = 28 - 48. Let s = 52 + o. What are the prime factors of s?
2
Suppose 4*v + 5*s - 1879 = 0, -4*v - s = -2*v - 941. List the prime factors of v.
3, 157
Suppose 3*x + 3*m = 2538, 0 = 4*x - 3*m - m - 3344. What are the prime factors of x?
29
Suppose 2*n + 541 - 2181 = 0. List the prime factors of n.
2, 5, 41
Let n be ((-13)/2 - -6)/((-1)/102). Let h = n + -32. What are the prime factors of h?
19
Let l(j) = -j**3 - 22*j**2 + 48*j + 3. Let p be l(-24). Suppose p*t - 4*w + 0 = 490, 0 = -t + 5*w + 145. List the prime factors of t.
2, 5, 17
Let g(r) = 32*r**2 + 97*r + 59. Let v(a) = -8*a**2 - 24*a - 15. Let b(o) = -2*g(o) - 9*v(o). List the prime factors of b(-6).
173
Let h = 1802 - 849. List the prime factors of h.
953
List the prime factors of 5775/99 - 1/3.
2, 29
List the prime factors of (5 - (-46)/(-4))*(-197 - -7).
5, 13, 19
Suppose 0*x = x - 3, -n = -5*x + 10. Suppose 3*w - 157 = n*f + 80, f = -3. What are the prime factors of w?
2, 37
Let b = -12 + 12. Let s be (-1 - -76) + (-12)/3. Suppose 4*o - 96 = -4*p, 4*p + b*o - o = s. What are the prime factors of p?
19
Suppose -6*z = -z - 220. List the prime factors of ((-112)/32)/((-2)/z).
7, 11
Suppose 40*t = 8825 - 1665. What are the prime factors of t?
179
Let u = -28 + 33. Suppose -u*k = -12*k + 532. What are the prime factors of k?
2, 19
Suppose -5*t + q = -8, -t - 5*q + 2 = -10. Suppose -3*f + 14 = 2*s, -f + 7 - 1 = t*s. List the prime factors of (s - 7)/(-2)*2.
2, 3
Let d = 31 + -30. List the prime factors of d/(4/864*4).
2, 3
What are the prime factors of (-1039293)/(-189) - 4/(-42)?
3, 13, 47
Let w be 12/(-36) + (-2306)/(-6). Let b be (-2)/7 + w/21. Suppose -2*l = -2*o + b, o + o - 3*l = 14. List the prime factors of o.
13
Suppose -9*z + 4*z - 20 = 0. Let f = -15 - z. Let u(r) = r**2 + 10*r + 4. List the prime factors of u(f).
3, 5
What are the prime factors of ((-1)/(-3))/(139756/23292 - 6)?
3, 647
Let x(o) = -100*o + 189. What are the prime factors of x(-21)?
3, 7, 109
Let j be (-20)/((-36)/28 + 1). Suppose -j - 8 = -3*m. Suppose -5*n = -m - 59. List the prime factors of n.
17
Suppose -4*f + 1930 = -5*d, d = 4*f - 0*d - 1938. List the prime factors of f.
5, 97
Let v(b) = 2*b - 22. Let c be v(10). Let t be c + 4 - (2 + -4). List the prime factors of ((-19)/t)/(19/(-76)).
19
Suppose -1452 = -9*n + 5*n. What are the prime factors of n?
3, 11
Suppose t - 4*k = -5*k + 496, -5*k - 496 = -t. What are the prime factors of t?
2, 31
Suppose -2*z - 163 = -4*k + 1631, 2*k + 2*z - 906 = 0. What are the prime factors of k?
2, 3, 5
Suppose -w = a - 93, -4*w - 25 = w. Suppose 4*k - 70 = a. Suppose -5*p + 302 = k. List the prime factors of p.
2, 13
Let w = 996 - -284. Suppose -15*j - w = -25*j. What are the prime factors of j?
2
Let u = -728 + 1029. What are the prime factors of u?
7, 43
Let a(n) = 4*n - 21. Let g be a(6). Let q(y) = 5*y**2 + 5*y + 7. What are the prime factors of q(g)?
67
Let b be 0 - (-9)/3 - 3. Let y be ((-1)/2)/((-5)/30). Suppose b = y*z - z - 74. List the prime factors of z.
37
Suppose 3*g - 1098 = -4*d, 5*g - 8*d + 7*d = 1807. List the prime factors of g.
2, 181
Suppose 21*l - 8134 = 45101. List the prime factors of l.
3, 5, 13
Let k(l) = -5*l**2 - 5 + 27*l + 14 + 4*l**2 + 21. List the prime factors of k(22).
2, 5, 7
Suppose 0 = 3*r - 5 - 16. Let p = r - -4. Suppose -8 = 7*f - p*f. What are the prime factors of f?
2
Suppose x = -3*x + 20. Suppose x = 4*h - 7. What are the prime factors of (h + (-52)/(-8))*2?
19
Let u be 10/4*24/(-20). Let a = 8 + u. Suppose 3*d - 255 = -a*g, 115 = 3*g - 4*d - 67. What are the prime factors of g?
2, 3
Suppose 2*c + 288 = m, m - 6*m + 1370 = 4*c. Let f = m - 151. Let p = -67 + f. What are the prime factors of p?
2, 3, 5
Suppose -l = -4*r - 0*l + 2039, 0 = 5*r + 4*l - 2575. What are the prime factors of r?
7, 73
Let h(d) = 49*d - 110. What are the prime factors of h(4)?
2, 43
Let a be 7392/90 - 4/30. Let o = a - 28. List the prime factors of o.
2, 3
Let z = 13 + -3. Suppose 5*v - z = 10. What are the prime factors of -1 + (9 - v) - -39?
43
Suppose 4*t = 2*p - 3*p + 17, -3*t + 18 = -p. Suppose -t*k + 9 = -2*k. Suppose -2*i + 20 + 71 = 3*c, -k*c - 3*i = -87. What are the prime factors of c?
3, 11
Let x(g) = -5*g**2 - 14 + 233*g + 5*g**2 - 223*g + 2*g**2. What are the prime factors of x(7)?
2, 7, 11
Suppose 0 = -3*g - 5*h + 533, 2*g + 2*h = 7*h + 347. List the prime factors of g.
2, 11
Let j = 90 + -216. Let h = -76 - j. What are the prime factors of 20/h + (-266)/(-10)?
3
Suppose -6*n + 715 = l - 7*n, 0 = l - 4*n - 700. What are the prime factors of l?
2, 3, 5
Let v = 20 + -68. Let u(c) = c**3 + c**2 + c - 32. Let m be u(0). Let i = m - v. What are the prime factors of i?
2
Let x(q) = -q**2 - 22*q + 1. Let r be x(-17). Let b = r - 39. What are the prime factors of b?
47
Let t(l) = -2*l + 9. Suppose 2*c = 3*c - 5*p + 13, c + p = 5. Suppose -24 = f + c*f. What are the prime factors of t(f)?
5
Let a = -27 + -6. Let r = 48 + a. What are the prime factors of (-280)/r*(-6)/4?
2, 7
Let c = -25 - -27. Suppose 0 = c*z - 70 - 40. What are the prime factors of z?
5, 11
Let f be 1/2 + (-171)/(-6). Let z = 31 - f. Suppose -4*k = 3*l - 118, z*k + 71 = 2*l - 3*k. What are the prime factors of l?
2, 19
Let g = -3 + 8. Suppose -4*z + 6 = 3*f, g*z - 4 + 8 = 2*f. Suppose 2*u - 56 = -2*j, j + f*u + u = 34. What are the prime factors of j?
5
Let q be -1 + 78 - -4 - -2. Let k = q + -36. What